1
Let x = -3554 - -3653. Calculate the highest common divisor of 1881 and x.
99
Suppose 3*f = -3, 9*x - 5*f = 12*x - 205. Suppose 675 = -61*t + x*t. Calculate the greatest common factor of 125 and t.
25
Let n be 8640 + 14 - ((-6)/4 + (-165)/(-30)). Calculate the highest common factor of n and 50.
50
Let v = -4009 - -4065. What is the highest common divisor of 420 and v?
28
Let g be 6 + 153/(-12) - 5/4. Let n be 24/(-9)*g/((-96)/(-954)). What is the highest common divisor of n and 53?
53
Let c = 35 + 23. Let f = 88538 + -88536. Calculate the highest common factor of c and f.
2
Let r = -250 + 253. Let b(v) = -v**2 + 6*v - 6. Let m be b(r). What is the greatest common factor of m and 111?
3
Suppose -3*r + 5*w = -853, -30*r + 29*r + 2*w = -283. Calculate the highest common factor of r and 6.
3
Suppose -3*r = -188*o + 191*o - 462, -3*o = 4*r - 467. What is the greatest common factor of o and 2?
1
Suppose m + 96 = 14. Let g = 11 - m. Let p = 105 - g. Calculate the greatest common divisor of 84 and p.
12
Let w(a) = a**3 + 38*a**2 + 66*a + 112. Let c be w(-36). Calculate the greatest common divisor of 205 and c.
41
Let p be -3 + 3 + 16/2. Let h(t) = 2*t + 151. Let j(q) = -q - 101. Let r(d) = 5*h(d) + 8*j(d). Let l be r(27). Calculate the greatest common factor of l and p.
1
Suppose 6804*p = 6863*p - 21771. Calculate the greatest common divisor of 1517 and p.
41
Suppose -3*g + 33 = -3*k, 9*k - 13*k - 3*g = 23. Let x(j) = -2*j**3 - 15*j**2 - 5*j + 4. Let s be x(k). Calculate the highest common divisor of 243 and s.
27
Suppose -5*z + 1077 = -m, -z - 3*m + 67 = -158. What is the highest common divisor of 2106 and z?
54
Let k = 3034 + -2981. What is the highest common factor of 9169 and k?
53
Suppose 7*f - 324 = -5*f. Let v be (-1*f/(-6))/(7/28). What is the highest common factor of v and 9?
9
Suppose 13*x + 93 = 340. Suppose -x*f = -18*f - 176. What is the highest common factor of 44 and f?
44
Let m(h) = -4*h + 18. Let j(r) = r - 3. Let u(n) = -3*j(n) - m(n). Let a be u(15). What is the highest common divisor of a and 4?
2
Let l = 14282 - 14254. Let g(y) = 9*y - 1. Let a be g(1). What is the highest common divisor of l and a?
4
Suppose 0 = -36*d + 41*d - 10. Suppose -t = -3*l - 30, t + 2*l + 2*l = d. Let i be 2972/20 + (t/(-10))/3. What is the highest common factor of 37 and i?
37
Suppose 0 = -4*u - 32*t + 27*t + 188, 0 = -3*t. Calculate the highest common factor of u and 1175.
47
Let m(f) = 10*f - 10. Let l be m(-2). Let a = l + 37. Suppose 0*y + 56 = a*y. Calculate the highest common factor of y and 56.
8
Suppose 15 = 2*m - 23. Suppose -v - 16 = -5*v. Suppose 2*g + 2*q - 177 = 21, -v = -q. Calculate the greatest common divisor of m and g.
19
Suppose 0 = -43*n + 788 + 330. Let o be ((-63)/6)/(-7)*(n + 6). Calculate the greatest common divisor of o and 240.
48
Suppose 0*z - 5*z = -3400. Suppose 0*t = -5*t + z. Let f be -2 + 64/28 + t/14. What is the highest common divisor of 30 and f?
10
Let y be (-15)/2 - (-1)/2. Let r = 10 + y. Let a be 10 + (0 - (r - 4)). Calculate the highest common factor of 77 and a.
11
Suppose -31*p + 30*p = 4*i - 11485, -5*i - 23035 = -2*p. Calculate the highest common divisor of p and 177.
177
Suppose 144 = -36*i + 171 + 297. What is the highest common divisor of i and 873?
9
Let r(w) = -w**3 - 23*w**2 - 2*w - 33. Suppose 0 = 7*o - 10 - 11. Suppose -o*a + 7 = 76. Let l be r(a). What is the highest common divisor of l and 91?
13
Let a be (11/(-385)*-10)/((-4)/(-56)). Calculate the highest common factor of a and 514.
2
Suppose 46 = -2*k - 5*o - 101, -4*k - 5*o = 319. Let d = 109 + k. Calculate the highest common divisor of 207 and d.
23
Suppose 0 = -5*x - 5*k + 1625, 9*x + 5*k - 671 = 7*x. What is the greatest common divisor of 106 and x?
106
Suppose -3*h - 7*z + 11*z + 354 = 0, -2*h - 4*z = -216. Let q be (h/(-285))/(1/300*-2). Calculate the greatest common divisor of q and 72.
12
Let z = 263 + -25. Let l = 243 - z. What is the greatest common factor of l and 5?
5
Let o be 19/44 + 104/(-572) + 1257/12. What is the highest common divisor of o and 120?
15
Suppose -48*x + 45*x + 2*m + 30985 = 0, 4*m = -8. What is the greatest common factor of x and 23?
23
Let t(h) = h**3 + 42*h**2 - 133*h - 190. Let z be t(-38). What is the highest common divisor of 76 and z?
76
Let b be 338*((-132)/(-22) + (0 - -4)). Calculate the greatest common divisor of b and 20.
20
Let x = 1137 - 725. What is the greatest common factor of x and 4?
4
Let z be (-13)/((1 - -4)/(-5)). Suppose 0 = -o + 2*m + 49, 0 = -z*o + 11*o + 2*m + 106. What is the highest common factor of 38 and o?
19
Let v be (-135)/(-75)*((-26)/(-6) + -1). Let d be (1 + 1)*(-4 - (-51)/v). Let b be 7/(-2)*(-17 + -1). Calculate the highest common divisor of b and d.
9
Suppose 0*n - 87 = -3*n. Let l = -829 - -178. Let d = l - -738. Calculate the greatest common factor of n and d.
29
Let i = -261 + 270. Suppose i*v = 591 + 399. Calculate the greatest common divisor of 10 and v.
10
Suppose -9 = -9*j + 36. Suppose 0*s = -k + j*s + 38, 91 = 2*k + 5*s. Suppose g = 4*g + 3*t - 81, -5*t = g - k. What is the highest common factor of g and 207?
23
Suppose 64*d - 70*d + 30 = 0. Suppose -d*r + 2*b + 104 = 0, -12*r + 8*r = 4*b - 72. Calculate the greatest common factor of 140 and r.
20
Let l = 9 - 6. Let v be (4/6)/(537/(-180) + l). Suppose 4*a + 3*m - 82 - 65 = 0, -a = 4*m - v. What is the highest common factor of 6 and a?
6
Let s be 1/((-11)/3 - -4). Let h be -3 + (-1 - 0/((-9)/s)). Let v be ((-18)/h)/((-3)/(-16)). What is the greatest common factor of 120 and v?
24
Let z(h) = 150*h**2 - 202*h + 609. Let x be z(10). Calculate the highest common divisor of x and 254.
127
Suppose -5*i + 2*i + 43 = -5*s, 7 = -3*i - 5*s. Let b be 330/27 - (-2)/(-9). What is the highest common factor of b and i?
6
Suppose 3*y - 44510 = -8612. What is the greatest common factor of 62 and y?
62
Suppose -5*u + 746 = 4*t, 5*t = 2*u - 3*u + 145. Suppose u = f + 3*g, 2*g - 25 = 7*g. Calculate the greatest common factor of 33 and f.
33
Suppose -4*n - 34*f = -39*f - 50, 12 = 2*n + 4*f. Let s be ((-7)/((-14)/(-100)))/(n/(-15)). What is the greatest common divisor of 175 and s?
25
Suppose -5*f - 1141 = -1276. Suppose -5*j = d - 3640, 0*j + 5*d = -2*j + 1433. What is the highest common divisor of j and f?
27
Let p(z) = 3*z**3 - 18*z**2 + 8*z - 190. Let r be p(9). Calculate the highest common factor of 52 and r.
13
Suppose 30*i = 3*g + 26*i - 236, -i - 382 = -5*g. What is the greatest common factor of 418 and g?
38
Let b be (5 + -2)/((-2)/3*954/(-30104)). What is the highest common divisor of 5 and b?
1
Suppose -390*y = 5*d - 385*y - 995, 3*d - 607 = -5*y. What is the highest common divisor of d and 4171?
97
Let h be (-3 + (11 - -930))*(1 - 0). What is the highest common factor of h and 560?
14
Suppose -j - 2*m = 2*m - 32, 2*j = -5*m + 49. Let r be 315/(-27) + j - 16/(-6). What is the greatest common factor of r and 7?
1
Let m(k) = 64*k**3 - k**2 - k + 1. Let s be m(1). Let r = 2469 - 2450. Let d = s - r. What is the greatest common divisor of d and 4?
4
Let x(j) = 944*j**3 - 6*j**2 + 12*j - 6. Let i be x(1). What is the greatest common divisor of 11564 and i?
236
Let w(z) = -62*z**3 + 4*z**2 - 678*z - 1361. Let u be w(-2). Calculate the greatest common factor of u and 975.
39
Let l be ((-7)/(-7) - 0)*0. Suppose -x - r + 513 = 128, l = 3*r. What is the greatest common divisor of 110 and x?
55
Let o be 8/2*(-14)/(-28). Suppose -317 = -2*w - 3*a, -2*w + 625 = o*w + 3*a. Calculate the greatest common divisor of w and 28.
14
Let u be 8/(-5)*(-100)/(5 + -1). Let r be (-4)/2 + (-464)/(-8). What is the highest common factor of u and r?
8
Let m = 7227 - 7024. What is the greatest common divisor of 522 and m?
29
Suppose 2467*u - 2451*u = 912. Suppose m - 134 = 37. What is the highest common divisor of u and m?
57
Suppose 3*l - 324 = -3*g, 74*l = 69*l - 10. What is the greatest common divisor of g and 88?
22
Suppose -12*m + r = -7*m - 1048, r - 616 = -3*m. Calculate the highest common divisor of m and 1008.
16
Let k(v) = 47*v**2 + 32*v + 3. Let f be k(-3). What is the highest common divisor of 120 and f?
30
Suppose -14*v + 3*u + 866 = -10*v, 5*v + 5*u = 1135. Calculate the greatest common divisor of 33150 and v.
221
Suppose -17*i - 14 = -18*i.